{"id":259,"date":"2019-06-11T13:47:47","date_gmt":"2019-06-11T11:47:47","guid":{"rendered":"http:\/\/www.memso.org\/net\/?page_id=259"},"modified":"2024-07-12T10:47:06","modified_gmt":"2024-07-12T08:47:06","slug":"nos-liens","status":"publish","type":"page","link":"https:\/\/www.memso.org\/net\/index.php\/nos-liens\/","title":{"rendered":"Des liens"},"content":{"rendered":"<p>&nbsp;<\/p>\n<p><a href=\"http:\/\/www.theatreenmiettes.fr\/index.php\"><img loading=\"lazy\" decoding=\"async\" class=\"alignleft wp-image-662\" src=\"http:\/\/www.memso.org\/net\/wp-content\/uploads\/2021\/10\/logo-TEM.png\" alt=\"\" width=\"265\" height=\"107\"><\/a> <span style=\"font-family: verdana, geneva, sans-serif;\">L\u00e0 o\u00f9 tout a commenc\u00e9&#8230; On y a (quasiment) tout appris, on s&rsquo;y est rencontr\u00e9, on a commenc\u00e9 \u00e0 jouer et \u00e0 r\u00eaver ensemble&#8230; Le Th\u00e9\u00e2tre en Miettes est une institution \u00e0 Bordeaux, un mod\u00e8le d&rsquo;engagement politique et artistique.<\/span><\/p>\n<p>&nbsp;<\/p>\n<p><a href=\"https:\/\/www.itnewyork.org\/fr\/\"><img loading=\"lazy\" decoding=\"async\" class=\"alignleft wp-image-533\" src=\"http:\/\/www.memso.org\/net\/wp-content\/uploads\/2020\/11\/index.png\" alt=\"\" width=\"125\" height=\"125\" srcset=\"https:\/\/www.memso.org\/net\/wp-content\/uploads\/2020\/11\/index.png 138w, https:\/\/www.memso.org\/net\/wp-content\/uploads\/2020\/11\/index-50x50.png 50w\" sizes=\"auto, (max-width: 125px) 100vw, 125px\" \/><\/a><\/p>\n<p><span style=\"font-family: Verdana,Geneva;\">La m\u00e9thode qui nous r\u00e9unit tous ! Tous les membres de MEMSO ont suivi l&rsquo;enseignement de Robert Castle et Alejandra Orozco. D&rsquo;ailleurs le nom MEMSO vient de \u00ab\u00a0MEMoire SenSOrielle\u00a0\u00bb, base de cette technique inspir\u00e9e par Lee Strasberg.<\/span><\/p>\n<p>&nbsp;<\/p>\n<p>&nbsp;<\/p>\n<p><a href=\"https:\/\/www.theatre-beauxarts.fr\/\"><img loading=\"lazy\" decoding=\"async\" class=\"wp-image-927  alignleft\" src=\"http:\/\/www.memso.org\/net\/wp-content\/uploads\/2024\/07\/CTBA_LOGO_2.png\" alt=\"\" width=\"92\" height=\"157\"> <\/a><\/p>\n<p>&nbsp;<\/p>\n<p><span style=\"font-family: Verdana, Geneva;\">LE Th\u00e9\u00e2tre \u00e0 suivre \u00e0 Bordeaux. <\/span><\/p>\n<p><span style=\"font-family: Verdana, Geneva;\">Une \u00e9quipe monstrueusement accueillante, une programmation audacieuse, et un lieu chaleureux. A suivre on vous dit !<\/span><\/p>\n<p>&nbsp;<\/p>\n<p>&nbsp;<\/p>\n","protected":false},"excerpt":{"rendered":"<p>&nbsp; L\u00e0 o\u00f9 tout a commenc\u00e9&#8230; On y a (quasiment) tout appris, on s&rsquo;y est rencontr\u00e9, on a commenc\u00e9 \u00e0 jouer et \u00e0 r\u00eaver ensemble&#8230; Le Th\u00e9\u00e2tre en Miettes est une institution \u00e0 Bordeaux, un mod\u00e8le d&rsquo;engagement politique et artistique. &nbsp; La m\u00e9thode qui nous r\u00e9unit tous ! Tous les membres de MEMSO ont suivi [&hellip;]<\/p>\n","protected":false},"author":2,"featured_media":0,"parent":0,"menu_order":0,"comment_status":"closed","ping_status":"closed","template":"","meta":{"advgb_blocks_editor_width":"","advgb_blocks_columns_visual_guide":"","ngg_post_thumbnail":0,"_themeisle_gutenberg_block_has_review":false,"footnotes":""},"class_list":["post-259","page","type-page","status-publish","hentry"],"yoast_head":"<!-- This site is optimized with the Yoast SEO plugin v17.3 - https:\/\/yoast.com\/wordpress\/plugins\/seo\/ -->\n<title>Des liens - La Compagnie Memso<\/title>\n<meta name=\"robots\" content=\"index, follow, max-snippet:-1, max-image-preview:large, max-video-preview:-1\" \/>\n<link rel=\"canonical\" href=\"https:\/\/www.memso.org\/net\/index.php\/nos-liens\/\" \/>\n<meta property=\"og:locale\" content=\"fr_FR\" \/>\n<meta property=\"og:type\" content=\"article\" \/>\n<meta property=\"og:title\" content=\"Des liens - La Compagnie Memso\" \/>\n<meta property=\"og:description\" content=\"&nbsp; L\u00e0 o\u00f9 tout a commenc\u00e9&#8230; On y a (quasiment) tout appris, on s&rsquo;y est rencontr\u00e9, on a commenc\u00e9 \u00e0 jouer et \u00e0 r\u00eaver ensemble&#8230; Le Th\u00e9\u00e2tre en Miettes est une institution \u00e0 Bordeaux, un mod\u00e8le d&rsquo;engagement politique et artistique. &nbsp; La m\u00e9thode qui nous r\u00e9unit tous ! Tous les membres de MEMSO ont suivi [&hellip;]\" \/>\n<meta property=\"og:url\" content=\"https:\/\/www.memso.org\/net\/index.php\/nos-liens\/\" \/>\n<meta property=\"og:site_name\" content=\"La Compagnie Memso\" \/>\n<meta property=\"article:modified_time\" content=\"2024-07-12T08:47:06+00:00\" \/>\n<meta property=\"og:image\" content=\"http:\/\/www.memso.org\/net\/wp-content\/uploads\/2021\/10\/logo-TEM.png\" \/>\n<meta name=\"twitter:card\" content=\"summary_large_image\" \/>\n<meta name=\"twitter:label1\" content=\"Dur\u00e9e de lecture estim\u00e9e\" \/>\n\t<meta name=\"twitter:data1\" content=\"1 minute\" \/>\n<script type=\"application\/ld+json\" class=\"yoast-schema-graph\">{\"@context\":\"https:\/\/schema.org\",\"@graph\":[{\"@type\":\"WebSite\",\"@id\":\"https:\/\/www.memso.org\/net\/#website\",\"url\":\"https:\/\/www.memso.org\/net\/\",\"name\":\"La Compagnie Memso\",\"description\":\"\",\"potentialAction\":[{\"@type\":\"SearchAction\",\"target\":{\"@type\":\"EntryPoint\",\"urlTemplate\":\"https:\/\/www.memso.org\/net\/?s={search_term_string}\"},\"query-input\":\"required name=search_term_string\"}],\"inLanguage\":\"fr-FR\"},{\"@type\":\"ImageObject\",\"@id\":\"https:\/\/www.memso.org\/net\/index.php\/nos-liens\/#primaryimage\",\"inLanguage\":\"fr-FR\",\"url\":\"http:\/\/www.memso.org\/net\/wp-content\/uploads\/2021\/10\/logo-TEM.png\",\"contentUrl\":\"http:\/\/www.memso.org\/net\/wp-content\/uploads\/2021\/10\/logo-TEM.png\"},{\"@type\":\"WebPage\",\"@id\":\"https:\/\/www.memso.org\/net\/index.php\/nos-liens\/#webpage\",\"url\":\"https:\/\/www.memso.org\/net\/index.php\/nos-liens\/\",\"name\":\"Des liens - La Compagnie Memso\",\"isPartOf\":{\"@id\":\"https:\/\/www.memso.org\/net\/#website\"},\"primaryImageOfPage\":{\"@id\":\"https:\/\/www.memso.org\/net\/index.php\/nos-liens\/#primaryimage\"},\"datePublished\":\"2019-06-11T11:47:47+00:00\",\"dateModified\":\"2024-07-12T08:47:06+00:00\",\"breadcrumb\":{\"@id\":\"https:\/\/www.memso.org\/net\/index.php\/nos-liens\/#breadcrumb\"},\"inLanguage\":\"fr-FR\",\"potentialAction\":[{\"@type\":\"ReadAction\",\"target\":[\"https:\/\/www.memso.org\/net\/index.php\/nos-liens\/\"]}]},{\"@type\":\"BreadcrumbList\",\"@id\":\"https:\/\/www.memso.org\/net\/index.php\/nos-liens\/#breadcrumb\",\"itemListElement\":[{\"@type\":\"ListItem\",\"position\":1,\"name\":\"Accueil\",\"item\":\"https:\/\/www.memso.org\/net\/\"},{\"@type\":\"ListItem\",\"position\":2,\"name\":\"Des liens\"}]}]}<\/script>\n<!-- \/ Yoast SEO plugin. -->","yoast_head_json":{"title":"Des liens - La Compagnie Memso","robots":{"index":"index","follow":"follow","max-snippet":"max-snippet:-1","max-image-preview":"max-image-preview:large","max-video-preview":"max-video-preview:-1"},"canonical":"https:\/\/www.memso.org\/net\/index.php\/nos-liens\/","og_locale":"fr_FR","og_type":"article","og_title":"Des liens - La Compagnie Memso","og_description":"&nbsp; L\u00e0 o\u00f9 tout a commenc\u00e9&#8230; On y a (quasiment) tout appris, on s&rsquo;y est rencontr\u00e9, on a commenc\u00e9 \u00e0 jouer et \u00e0 r\u00eaver ensemble&#8230; Le Th\u00e9\u00e2tre en Miettes est une institution \u00e0 Bordeaux, un mod\u00e8le d&rsquo;engagement politique et artistique. &nbsp; La m\u00e9thode qui nous r\u00e9unit tous ! Tous les membres de MEMSO ont suivi [&hellip;]","og_url":"https:\/\/www.memso.org\/net\/index.php\/nos-liens\/","og_site_name":"La Compagnie Memso","article_modified_time":"2024-07-12T08:47:06+00:00","og_image":[{"url":"http:\/\/www.memso.org\/net\/wp-content\/uploads\/2021\/10\/logo-TEM.png"}],"twitter_card":"summary_large_image","twitter_misc":{"Dur\u00e9e de lecture estim\u00e9e":"1 minute"},"schema":{"@context":"https:\/\/schema.org","@graph":[{"@type":"WebSite","@id":"https:\/\/www.memso.org\/net\/#website","url":"https:\/\/www.memso.org\/net\/","name":"La Compagnie Memso","description":"","potentialAction":[{"@type":"SearchAction","target":{"@type":"EntryPoint","urlTemplate":"https:\/\/www.memso.org\/net\/?s={search_term_string}"},"query-input":"required name=search_term_string"}],"inLanguage":"fr-FR"},{"@type":"ImageObject","@id":"https:\/\/www.memso.org\/net\/index.php\/nos-liens\/#primaryimage","inLanguage":"fr-FR","url":"http:\/\/www.memso.org\/net\/wp-content\/uploads\/2021\/10\/logo-TEM.png","contentUrl":"http:\/\/www.memso.org\/net\/wp-content\/uploads\/2021\/10\/logo-TEM.png"},{"@type":"WebPage","@id":"https:\/\/www.memso.org\/net\/index.php\/nos-liens\/#webpage","url":"https:\/\/www.memso.org\/net\/index.php\/nos-liens\/","name":"Des liens - La Compagnie Memso","isPartOf":{"@id":"https:\/\/www.memso.org\/net\/#website"},"primaryImageOfPage":{"@id":"https:\/\/www.memso.org\/net\/index.php\/nos-liens\/#primaryimage"},"datePublished":"2019-06-11T11:47:47+00:00","dateModified":"2024-07-12T08:47:06+00:00","breadcrumb":{"@id":"https:\/\/www.memso.org\/net\/index.php\/nos-liens\/#breadcrumb"},"inLanguage":"fr-FR","potentialAction":[{"@type":"ReadAction","target":["https:\/\/www.memso.org\/net\/index.php\/nos-liens\/"]}]},{"@type":"BreadcrumbList","@id":"https:\/\/www.memso.org\/net\/index.php\/nos-liens\/#breadcrumb","itemListElement":[{"@type":"ListItem","position":1,"name":"Accueil","item":"https:\/\/www.memso.org\/net\/"},{"@type":"ListItem","position":2,"name":"Des liens"}]}]}},"coauthors":[],"author_meta":{"author_link":"https:\/\/www.memso.org\/net\/index.php\/author\/roger\/","display_name":"Roger Contebardo"},"relative_dates":{"created":"Publi\u00e9 7 ans il y a","modified":"Mis \u00e0 jour 2 ans il y a"},"absolute_dates":{"created":"Publi\u00e9 le 11 juin 2019","modified":"Mise \u00e0 jour le 12 juillet 2024"},"absolute_dates_time":{"created":"Publi\u00e9 le 11 juin 2019 13 h 47 min","modified":"Mise \u00e0 jour le 12 juillet 2024 10 h 47 min"},"featured_img_caption":"","featured_img":false,"series_order":"","_links":{"self":[{"href":"https:\/\/www.memso.org\/net\/index.php\/wp-json\/wp\/v2\/pages\/259","targetHints":{"allow":["GET"]}}],"collection":[{"href":"https:\/\/www.memso.org\/net\/index.php\/wp-json\/wp\/v2\/pages"}],"about":[{"href":"https:\/\/www.memso.org\/net\/index.php\/wp-json\/wp\/v2\/types\/page"}],"author":[{"embeddable":true,"href":"https:\/\/www.memso.org\/net\/index.php\/wp-json\/wp\/v2\/users\/2"}],"replies":[{"embeddable":true,"href":"https:\/\/www.memso.org\/net\/index.php\/wp-json\/wp\/v2\/comments?post=259"}],"version-history":[{"count":13,"href":"https:\/\/www.memso.org\/net\/index.php\/wp-json\/wp\/v2\/pages\/259\/revisions"}],"predecessor-version":[{"id":930,"href":"https:\/\/www.memso.org\/net\/index.php\/wp-json\/wp\/v2\/pages\/259\/revisions\/930"}],"wp:attachment":[{"href":"https:\/\/www.memso.org\/net\/index.php\/wp-json\/wp\/v2\/media?parent=259"}],"curies":[{"name":"wp","href":"https:\/\/api.w.org\/{rel}","templated":true}]}}