{"id":465,"date":"2019-09-24T17:21:41","date_gmt":"2019-09-24T15:21:41","guid":{"rendered":"http:\/\/www.memso.org\/net\/?page_id=465"},"modified":"2021-12-09T16:40:17","modified_gmt":"2021-12-09T15:40:17","slug":"le-jardin-des-fables","status":"publish","type":"page","link":"https:\/\/www.memso.org\/net\/index.php\/le-jardin-des-fables\/","title":{"rendered":"LA PETITE ESPERANCE"},"content":{"rendered":"<p><img loading=\"lazy\" decoding=\"async\" class=\"size-medium wp-image-798 alignleft\" src=\"http:\/\/www.memso.org\/net\/wp-content\/uploads\/2021\/11\/fl1-211x300.jpg\" alt=\"\" width=\"211\" height=\"300\" srcset=\"https:\/\/www.memso.org\/net\/wp-content\/uploads\/2021\/11\/fl1-211x300.jpg 211w, https:\/\/www.memso.org\/net\/wp-content\/uploads\/2021\/11\/fl1.jpg 451w\" sizes=\"auto, (max-width: 211px) 100vw, 211px\" \/><\/p>\n<p><span style=\"font-family: Verdana, Geneva;\">Apolline Denis adapte l&rsquo;oeuvre de Charles P\u00e9guy en spectacle po\u00e9tique \u00e0 deux voix. En respectant \u00e0 la lettre l&rsquo;\u00e9criture, elle la rend ainsi vivante et en fait ressortir la profondeur et la joie qui s\u2019en d\u00e9gagent.<\/span><\/p>\n<p><a href=\"http:\/\/www.memso.org\/net\/wp-content\/uploads\/2021\/12\/dossier-espe%CC%81rance-...pdf\">Le dossier de pr\u00e9sentation de la Petite Esp\u00e9rance&nbsp;<\/a><\/p>\n","protected":false},"excerpt":{"rendered":"<p>Apolline Denis adapte l&rsquo;oeuvre de Charles P\u00e9guy en spectacle po\u00e9tique \u00e0 deux voix. En respectant \u00e0 la lettre l&rsquo;\u00e9criture, elle la rend ainsi vivante et en fait ressortir la profondeur et la joie qui s\u2019en d\u00e9gagent. Le dossier de pr\u00e9sentation de la Petite Esp\u00e9rance&nbsp;<\/p>\n","protected":false},"author":2,"featured_media":0,"parent":0,"menu_order":0,"comment_status":"closed","ping_status":"closed","template":"","meta":{"advgb_blocks_editor_width":"","advgb_blocks_columns_visual_guide":"","ngg_post_thumbnail":0,"_themeisle_gutenberg_block_has_review":false,"footnotes":""},"class_list":["post-465","page","type-page","status-publish","hentry"],"yoast_head":"<!-- This site is optimized with the Yoast SEO plugin v17.3 - https:\/\/yoast.com\/wordpress\/plugins\/seo\/ -->\n<title>LA PETITE ESPERANCE - La Compagnie Memso<\/title>\n<meta name=\"robots\" content=\"index, follow, max-snippet:-1, max-image-preview:large, max-video-preview:-1\" \/>\n<link rel=\"canonical\" href=\"https:\/\/www.memso.org\/net\/index.php\/le-jardin-des-fables\/\" \/>\n<meta property=\"og:locale\" content=\"fr_FR\" \/>\n<meta property=\"og:type\" content=\"article\" \/>\n<meta property=\"og:title\" content=\"LA PETITE ESPERANCE - La Compagnie Memso\" \/>\n<meta property=\"og:description\" content=\"Apolline Denis adapte l&rsquo;oeuvre de Charles P\u00e9guy en spectacle po\u00e9tique \u00e0 deux voix. En respectant \u00e0 la lettre l&rsquo;\u00e9criture, elle la rend ainsi vivante et en fait ressortir la profondeur et la joie qui s\u2019en d\u00e9gagent. Le dossier de pr\u00e9sentation de la Petite Esp\u00e9rance&nbsp;\" \/>\n<meta property=\"og:url\" content=\"https:\/\/www.memso.org\/net\/index.php\/le-jardin-des-fables\/\" \/>\n<meta property=\"og:site_name\" content=\"La Compagnie Memso\" \/>\n<meta property=\"article:modified_time\" content=\"2021-12-09T15:40:17+00:00\" \/>\n<meta property=\"og:image\" content=\"http:\/\/www.memso.org\/net\/wp-content\/uploads\/2021\/11\/fl1-211x300.jpg\" \/>\n<meta name=\"twitter:card\" content=\"summary_large_image\" \/>\n<meta name=\"twitter:label1\" content=\"Dur\u00e9e de lecture estim\u00e9e\" \/>\n\t<meta name=\"twitter:data1\" content=\"1 minute\" \/>\n<script type=\"application\/ld+json\" class=\"yoast-schema-graph\">{\"@context\":\"https:\/\/schema.org\",\"@graph\":[{\"@type\":\"WebSite\",\"@id\":\"https:\/\/www.memso.org\/net\/#website\",\"url\":\"https:\/\/www.memso.org\/net\/\",\"name\":\"La Compagnie Memso\",\"description\":\"\",\"potentialAction\":[{\"@type\":\"SearchAction\",\"target\":{\"@type\":\"EntryPoint\",\"urlTemplate\":\"https:\/\/www.memso.org\/net\/?s={search_term_string}\"},\"query-input\":\"required name=search_term_string\"}],\"inLanguage\":\"fr-FR\"},{\"@type\":\"ImageObject\",\"@id\":\"https:\/\/www.memso.org\/net\/index.php\/le-jardin-des-fables\/#primaryimage\",\"inLanguage\":\"fr-FR\",\"url\":\"http:\/\/www.memso.org\/net\/wp-content\/uploads\/2021\/11\/fl1-211x300.jpg\",\"contentUrl\":\"http:\/\/www.memso.org\/net\/wp-content\/uploads\/2021\/11\/fl1-211x300.jpg\"},{\"@type\":\"WebPage\",\"@id\":\"https:\/\/www.memso.org\/net\/index.php\/le-jardin-des-fables\/#webpage\",\"url\":\"https:\/\/www.memso.org\/net\/index.php\/le-jardin-des-fables\/\",\"name\":\"LA PETITE ESPERANCE - La Compagnie Memso\",\"isPartOf\":{\"@id\":\"https:\/\/www.memso.org\/net\/#website\"},\"primaryImageOfPage\":{\"@id\":\"https:\/\/www.memso.org\/net\/index.php\/le-jardin-des-fables\/#primaryimage\"},\"datePublished\":\"2019-09-24T15:21:41+00:00\",\"dateModified\":\"2021-12-09T15:40:17+00:00\",\"breadcrumb\":{\"@id\":\"https:\/\/www.memso.org\/net\/index.php\/le-jardin-des-fables\/#breadcrumb\"},\"inLanguage\":\"fr-FR\",\"potentialAction\":[{\"@type\":\"ReadAction\",\"target\":[\"https:\/\/www.memso.org\/net\/index.php\/le-jardin-des-fables\/\"]}]},{\"@type\":\"BreadcrumbList\",\"@id\":\"https:\/\/www.memso.org\/net\/index.php\/le-jardin-des-fables\/#breadcrumb\",\"itemListElement\":[{\"@type\":\"ListItem\",\"position\":1,\"name\":\"Accueil\",\"item\":\"https:\/\/www.memso.org\/net\/\"},{\"@type\":\"ListItem\",\"position\":2,\"name\":\"LA PETITE ESPERANCE\"}]}]}<\/script>\n<!-- \/ Yoast SEO plugin. -->","yoast_head_json":{"title":"LA PETITE ESPERANCE - La Compagnie Memso","robots":{"index":"index","follow":"follow","max-snippet":"max-snippet:-1","max-image-preview":"max-image-preview:large","max-video-preview":"max-video-preview:-1"},"canonical":"https:\/\/www.memso.org\/net\/index.php\/le-jardin-des-fables\/","og_locale":"fr_FR","og_type":"article","og_title":"LA PETITE ESPERANCE - La Compagnie Memso","og_description":"Apolline Denis adapte l&rsquo;oeuvre de Charles P\u00e9guy en spectacle po\u00e9tique \u00e0 deux voix. En respectant \u00e0 la lettre l&rsquo;\u00e9criture, elle la rend ainsi vivante et en fait ressortir la profondeur et la joie qui s\u2019en d\u00e9gagent. Le dossier de pr\u00e9sentation de la Petite Esp\u00e9rance&nbsp;","og_url":"https:\/\/www.memso.org\/net\/index.php\/le-jardin-des-fables\/","og_site_name":"La Compagnie Memso","article_modified_time":"2021-12-09T15:40:17+00:00","og_image":[{"url":"http:\/\/www.memso.org\/net\/wp-content\/uploads\/2021\/11\/fl1-211x300.jpg"}],"twitter_card":"summary_large_image","twitter_misc":{"Dur\u00e9e de lecture estim\u00e9e":"1 minute"},"schema":{"@context":"https:\/\/schema.org","@graph":[{"@type":"WebSite","@id":"https:\/\/www.memso.org\/net\/#website","url":"https:\/\/www.memso.org\/net\/","name":"La Compagnie Memso","description":"","potentialAction":[{"@type":"SearchAction","target":{"@type":"EntryPoint","urlTemplate":"https:\/\/www.memso.org\/net\/?s={search_term_string}"},"query-input":"required name=search_term_string"}],"inLanguage":"fr-FR"},{"@type":"ImageObject","@id":"https:\/\/www.memso.org\/net\/index.php\/le-jardin-des-fables\/#primaryimage","inLanguage":"fr-FR","url":"http:\/\/www.memso.org\/net\/wp-content\/uploads\/2021\/11\/fl1-211x300.jpg","contentUrl":"http:\/\/www.memso.org\/net\/wp-content\/uploads\/2021\/11\/fl1-211x300.jpg"},{"@type":"WebPage","@id":"https:\/\/www.memso.org\/net\/index.php\/le-jardin-des-fables\/#webpage","url":"https:\/\/www.memso.org\/net\/index.php\/le-jardin-des-fables\/","name":"LA PETITE ESPERANCE - La Compagnie Memso","isPartOf":{"@id":"https:\/\/www.memso.org\/net\/#website"},"primaryImageOfPage":{"@id":"https:\/\/www.memso.org\/net\/index.php\/le-jardin-des-fables\/#primaryimage"},"datePublished":"2019-09-24T15:21:41+00:00","dateModified":"2021-12-09T15:40:17+00:00","breadcrumb":{"@id":"https:\/\/www.memso.org\/net\/index.php\/le-jardin-des-fables\/#breadcrumb"},"inLanguage":"fr-FR","potentialAction":[{"@type":"ReadAction","target":["https:\/\/www.memso.org\/net\/index.php\/le-jardin-des-fables\/"]}]},{"@type":"BreadcrumbList","@id":"https:\/\/www.memso.org\/net\/index.php\/le-jardin-des-fables\/#breadcrumb","itemListElement":[{"@type":"ListItem","position":1,"name":"Accueil","item":"https:\/\/www.memso.org\/net\/"},{"@type":"ListItem","position":2,"name":"LA PETITE ESPERANCE"}]}]}},"coauthors":[],"author_meta":{"author_link":"https:\/\/www.memso.org\/net\/index.php\/author\/roger\/","display_name":"Roger Contebardo"},"relative_dates":{"created":"Publi\u00e9 7 ans il y a","modified":"Mis \u00e0 jour 4 ans il y a"},"absolute_dates":{"created":"Publi\u00e9 le 24 septembre 2019","modified":"Mise \u00e0 jour le 9 d\u00e9cembre 2021"},"absolute_dates_time":{"created":"Publi\u00e9 le 24 septembre 2019 17 h 21 min","modified":"Mise \u00e0 jour le 9 d\u00e9cembre 2021 16 h 40 min"},"featured_img_caption":"","featured_img":false,"series_order":"","_links":{"self":[{"href":"https:\/\/www.memso.org\/net\/index.php\/wp-json\/wp\/v2\/pages\/465","targetHints":{"allow":["GET"]}}],"collection":[{"href":"https:\/\/www.memso.org\/net\/index.php\/wp-json\/wp\/v2\/pages"}],"about":[{"href":"https:\/\/www.memso.org\/net\/index.php\/wp-json\/wp\/v2\/types\/page"}],"author":[{"embeddable":true,"href":"https:\/\/www.memso.org\/net\/index.php\/wp-json\/wp\/v2\/users\/2"}],"replies":[{"embeddable":true,"href":"https:\/\/www.memso.org\/net\/index.php\/wp-json\/wp\/v2\/comments?post=465"}],"version-history":[{"count":6,"href":"https:\/\/www.memso.org\/net\/index.php\/wp-json\/wp\/v2\/pages\/465\/revisions"}],"predecessor-version":[{"id":841,"href":"https:\/\/www.memso.org\/net\/index.php\/wp-json\/wp\/v2\/pages\/465\/revisions\/841"}],"wp:attachment":[{"href":"https:\/\/www.memso.org\/net\/index.php\/wp-json\/wp\/v2\/media?parent=465"}],"curies":[{"name":"wp","href":"https:\/\/api.w.org\/{rel}","templated":true}]}}