{"id":999,"date":"2025-11-03T14:05:50","date_gmt":"2025-11-03T13:05:50","guid":{"rendered":"https:\/\/www.memso.org\/net\/?page_id=999"},"modified":"2026-03-03T09:16:20","modified_gmt":"2026-03-03T08:16:20","slug":"nos-dates","status":"publish","type":"page","link":"https:\/\/www.memso.org\/net\/index.php\/nos-dates\/","title":{"rendered":"Nos Dates"},"content":{"rendered":"<p><span style=\"font-size: 14pt;\"><strong>L&rsquo;actualit\u00e9 de la Compagnie MeMsO&nbsp;<\/strong><\/span><\/p>\n<p>Retrouvez \u00ab\u00a0Tunnel\u00a0\u00bb au 5bis \u00e0 La R\u00e9ole kes&nbsp;<strong>20 et 21 Mars \u00e0 20H00&nbsp;<\/strong>et le<strong>&nbsp;22 Mars \u00e0 15H30<\/strong><\/p>\n<p>&nbsp;<\/p>\nngg_shortcode_0_placeholder\n<p><img decoding=\"async\" src=\"http:\/\/www.memso.org\/net\/wp-content\/uploads\/2019\/06\/AFFICHE-213x300.jpeg\"><\/p>\n<p>&nbsp;<\/p>\n<p>&nbsp;<\/p>\n","protected":false},"excerpt":{"rendered":"<p>L&rsquo;actualit\u00e9 de la Compagnie MeMsO&nbsp; Retrouvez \u00ab\u00a0Tunnel\u00a0\u00bb au 5bis \u00e0 La R\u00e9ole kes&nbsp;20 et 21 Mars \u00e0 20H00&nbsp;et le&nbsp;22 Mars \u00e0 15H30 &nbsp; &nbsp; &nbsp; &nbsp;<\/p>\n","protected":false},"author":2,"featured_media":0,"parent":0,"menu_order":0,"comment_status":"closed","ping_status":"closed","template":"","meta":{"advgb_blocks_editor_width":"","advgb_blocks_columns_visual_guide":"","ngg_post_thumbnail":0,"_themeisle_gutenberg_block_has_review":false,"footnotes":""},"class_list":["post-999","page","type-page","status-publish","hentry"],"yoast_head":"<!-- This site is optimized with the Yoast SEO plugin v17.3 - https:\/\/yoast.com\/wordpress\/plugins\/seo\/ -->\n<title>Nos Dates - La Compagnie Memso<\/title>\n<meta name=\"robots\" content=\"index, follow, max-snippet:-1, max-image-preview:large, max-video-preview:-1\" \/>\n<link rel=\"canonical\" href=\"https:\/\/www.memso.org\/net\/index.php\/nos-dates\/\" \/>\n<meta property=\"og:locale\" content=\"fr_FR\" \/>\n<meta property=\"og:type\" content=\"article\" \/>\n<meta property=\"og:title\" content=\"Nos Dates - La Compagnie Memso\" \/>\n<meta property=\"og:description\" content=\"L&rsquo;actualit\u00e9 de la Compagnie MeMsO&nbsp; Retrouvez \u00ab\u00a0Tunnel\u00a0\u00bb au 5bis \u00e0 La R\u00e9ole kes&nbsp;20 et 21 Mars \u00e0 20H00&nbsp;et le&nbsp;22 Mars \u00e0 15H30 &nbsp; &nbsp; &nbsp; &nbsp;\" \/>\n<meta property=\"og:url\" content=\"https:\/\/www.memso.org\/net\/index.php\/nos-dates\/\" \/>\n<meta property=\"og:site_name\" content=\"La Compagnie Memso\" \/>\n<meta property=\"article:modified_time\" content=\"2026-03-03T08:16:20+00:00\" \/>\n<meta property=\"og:image\" content=\"http:\/\/www.memso.org\/net\/wp-content\/uploads\/2019\/06\/AFFICHE-213x300.jpeg\" \/>\n<meta name=\"twitter:card\" content=\"summary_large_image\" \/>\n<script type=\"application\/ld+json\" class=\"yoast-schema-graph\">{\"@context\":\"https:\/\/schema.org\",\"@graph\":[{\"@type\":\"WebSite\",\"@id\":\"https:\/\/www.memso.org\/net\/#website\",\"url\":\"https:\/\/www.memso.org\/net\/\",\"name\":\"La Compagnie Memso\",\"description\":\"\",\"potentialAction\":[{\"@type\":\"SearchAction\",\"target\":{\"@type\":\"EntryPoint\",\"urlTemplate\":\"https:\/\/www.memso.org\/net\/?s={search_term_string}\"},\"query-input\":\"required name=search_term_string\"}],\"inLanguage\":\"fr-FR\"},{\"@type\":\"ImageObject\",\"@id\":\"https:\/\/www.memso.org\/net\/index.php\/nos-dates\/#primaryimage\",\"inLanguage\":\"fr-FR\",\"url\":\"http:\/\/www.memso.org\/net\/wp-content\/uploads\/2019\/06\/AFFICHE-213x300.jpeg\",\"contentUrl\":\"http:\/\/www.memso.org\/net\/wp-content\/uploads\/2019\/06\/AFFICHE-213x300.jpeg\"},{\"@type\":\"WebPage\",\"@id\":\"https:\/\/www.memso.org\/net\/index.php\/nos-dates\/#webpage\",\"url\":\"https:\/\/www.memso.org\/net\/index.php\/nos-dates\/\",\"name\":\"Nos Dates - La Compagnie Memso\",\"isPartOf\":{\"@id\":\"https:\/\/www.memso.org\/net\/#website\"},\"primaryImageOfPage\":{\"@id\":\"https:\/\/www.memso.org\/net\/index.php\/nos-dates\/#primaryimage\"},\"datePublished\":\"2025-11-03T13:05:50+00:00\",\"dateModified\":\"2026-03-03T08:16:20+00:00\",\"breadcrumb\":{\"@id\":\"https:\/\/www.memso.org\/net\/index.php\/nos-dates\/#breadcrumb\"},\"inLanguage\":\"fr-FR\",\"potentialAction\":[{\"@type\":\"ReadAction\",\"target\":[\"https:\/\/www.memso.org\/net\/index.php\/nos-dates\/\"]}]},{\"@type\":\"BreadcrumbList\",\"@id\":\"https:\/\/www.memso.org\/net\/index.php\/nos-dates\/#breadcrumb\",\"itemListElement\":[{\"@type\":\"ListItem\",\"position\":1,\"name\":\"Accueil\",\"item\":\"https:\/\/www.memso.org\/net\/\"},{\"@type\":\"ListItem\",\"position\":2,\"name\":\"Nos Dates\"}]}]}<\/script>\n<!-- \/ Yoast SEO plugin. -->","yoast_head_json":{"title":"Nos Dates - La Compagnie Memso","robots":{"index":"index","follow":"follow","max-snippet":"max-snippet:-1","max-image-preview":"max-image-preview:large","max-video-preview":"max-video-preview:-1"},"canonical":"https:\/\/www.memso.org\/net\/index.php\/nos-dates\/","og_locale":"fr_FR","og_type":"article","og_title":"Nos Dates - La Compagnie Memso","og_description":"L&rsquo;actualit\u00e9 de la Compagnie MeMsO&nbsp; Retrouvez \u00ab\u00a0Tunnel\u00a0\u00bb au 5bis \u00e0 La R\u00e9ole kes&nbsp;20 et 21 Mars \u00e0 20H00&nbsp;et le&nbsp;22 Mars \u00e0 15H30 &nbsp; &nbsp; &nbsp; &nbsp;","og_url":"https:\/\/www.memso.org\/net\/index.php\/nos-dates\/","og_site_name":"La Compagnie Memso","article_modified_time":"2026-03-03T08:16:20+00:00","og_image":[{"url":"http:\/\/www.memso.org\/net\/wp-content\/uploads\/2019\/06\/AFFICHE-213x300.jpeg"}],"twitter_card":"summary_large_image","schema":{"@context":"https:\/\/schema.org","@graph":[{"@type":"WebSite","@id":"https:\/\/www.memso.org\/net\/#website","url":"https:\/\/www.memso.org\/net\/","name":"La Compagnie Memso","description":"","potentialAction":[{"@type":"SearchAction","target":{"@type":"EntryPoint","urlTemplate":"https:\/\/www.memso.org\/net\/?s={search_term_string}"},"query-input":"required name=search_term_string"}],"inLanguage":"fr-FR"},{"@type":"ImageObject","@id":"https:\/\/www.memso.org\/net\/index.php\/nos-dates\/#primaryimage","inLanguage":"fr-FR","url":"http:\/\/www.memso.org\/net\/wp-content\/uploads\/2019\/06\/AFFICHE-213x300.jpeg","contentUrl":"http:\/\/www.memso.org\/net\/wp-content\/uploads\/2019\/06\/AFFICHE-213x300.jpeg"},{"@type":"WebPage","@id":"https:\/\/www.memso.org\/net\/index.php\/nos-dates\/#webpage","url":"https:\/\/www.memso.org\/net\/index.php\/nos-dates\/","name":"Nos Dates - La Compagnie Memso","isPartOf":{"@id":"https:\/\/www.memso.org\/net\/#website"},"primaryImageOfPage":{"@id":"https:\/\/www.memso.org\/net\/index.php\/nos-dates\/#primaryimage"},"datePublished":"2025-11-03T13:05:50+00:00","dateModified":"2026-03-03T08:16:20+00:00","breadcrumb":{"@id":"https:\/\/www.memso.org\/net\/index.php\/nos-dates\/#breadcrumb"},"inLanguage":"fr-FR","potentialAction":[{"@type":"ReadAction","target":["https:\/\/www.memso.org\/net\/index.php\/nos-dates\/"]}]},{"@type":"BreadcrumbList","@id":"https:\/\/www.memso.org\/net\/index.php\/nos-dates\/#breadcrumb","itemListElement":[{"@type":"ListItem","position":1,"name":"Accueil","item":"https:\/\/www.memso.org\/net\/"},{"@type":"ListItem","position":2,"name":"Nos Dates"}]}]}},"coauthors":[],"author_meta":{"author_link":"https:\/\/www.memso.org\/net\/index.php\/author\/roger\/","display_name":"Roger Contebardo"},"relative_dates":{"created":"Publi\u00e9 5 mois il y a","modified":"Mis \u00e0 jour 1 mois il y a"},"absolute_dates":{"created":"Publi\u00e9 le 3 novembre 2025","modified":"Mise \u00e0 jour le 3 mars 2026"},"absolute_dates_time":{"created":"Publi\u00e9 le 3 novembre 2025 14 h 05 min","modified":"Mise \u00e0 jour le 3 mars 2026 9 h 16 min"},"featured_img_caption":"","featured_img":false,"series_order":"","_links":{"self":[{"href":"https:\/\/www.memso.org\/net\/index.php\/wp-json\/wp\/v2\/pages\/999","targetHints":{"allow":["GET"]}}],"collection":[{"href":"https:\/\/www.memso.org\/net\/index.php\/wp-json\/wp\/v2\/pages"}],"about":[{"href":"https:\/\/www.memso.org\/net\/index.php\/wp-json\/wp\/v2\/types\/page"}],"author":[{"embeddable":true,"href":"https:\/\/www.memso.org\/net\/index.php\/wp-json\/wp\/v2\/users\/2"}],"replies":[{"embeddable":true,"href":"https:\/\/www.memso.org\/net\/index.php\/wp-json\/wp\/v2\/comments?post=999"}],"version-history":[{"count":10,"href":"https:\/\/www.memso.org\/net\/index.php\/wp-json\/wp\/v2\/pages\/999\/revisions"}],"predecessor-version":[{"id":1022,"href":"https:\/\/www.memso.org\/net\/index.php\/wp-json\/wp\/v2\/pages\/999\/revisions\/1022"}],"wp:attachment":[{"href":"https:\/\/www.memso.org\/net\/index.php\/wp-json\/wp\/v2\/media?parent=999"}],"curies":[{"name":"wp","href":"https:\/\/api.w.org\/{rel}","templated":true}]}}